{"id":1407,"date":"2025-10-30T14:44:56","date_gmt":"2025-10-30T13:44:56","guid":{"rendered":"https:\/\/sarthe.arcaam.fr\/?page_id=1407"},"modified":"2026-04-18T18:30:01","modified_gmt":"2026-04-18T16:30:01","slug":"challenge-2026","status":"publish","type":"page","link":"https:\/\/sarthe.arcaam.fr\/index.php\/accueil\/boules\/challenge-2026\/","title":{"rendered":"Challenge 2026"},"content":{"rendered":"\n<div class=\"wp-block-uagb-container uagb-block-494c42c4 alignfull uagb-is-root-container\"><div class=\"uagb-container-inner-blocks-wrap\">\n<div class=\"wp-block-uagb-container uagb-block-99f5f90c\">\n<div class=\"wp-block-uagb-container uagb-block-b461192a\"><\/div>\n\n\n\n<div class=\"wp-block-uagb-advanced-heading uagb-block-930f744f\"><h2 class=\"uagb-heading-text\">Challenge 2026 <\/h2><\/div>\n\n\n\n<div class=\"wp-block-uagb-info-box uagb-block-3dc4282b uagb-infobox__content-wrap  uagb-infobox-icon-above-title uagb-infobox-image-valign-top\"><div class=\"uagb-ifb-content\"><div class=\"uagb-ifb-title-wrap\"><\/div><p class=\"uagb-ifb-desc\">Responsables de l&rsquo;activit\u00e9 : <strong>Alain MOREAU et Pierre LHERMITTE<\/strong>.<\/p><\/div><\/div>\n<\/div>\n<\/div><\/div>\n\n\n\n<div class=\"wp-block-uagb-container uagb-block-42293c76 alignfull uagb-is-root-container\"><div class=\"uagb-container-inner-blocks-wrap\">\n<div class=\"wp-block-uagb-container uagb-block-a612851f alignfull uagb-is-root-container\"><div class=\"uagb-container-inner-blocks-wrap\">\n<div class=\"wp-block-uagb-advanced-heading uagb-block-f77db6f9\"><h2 class=\"uagb-heading-text\">Tableau Dames<\/h2><\/div>\n\n\n\n<div class=\"wp-block-uagb-container uagb-block-8bf1e97a\">\n<div class=\"wp-block-uagb-container uagb-block-2ccc3c09\">\n<div class=\"wp-block-uagb-buttons uagb-buttons__outer-wrap uagb-btn__default-btn uagb-btn-tablet__default-btn uagb-btn-mobile__default-btn uagb-block-deed676f\"><div class=\"uagb-buttons__wrap uagb-buttons-layout-wrap \">\n<div class=\"wp-block-uagb-buttons-child uagb-buttons__outer-wrap uagb-block-0c35b8ec wp-block-button\"><div class=\"uagb-button__wrapper\"><a class=\"uagb-buttons-repeater wp-block-button__link\" aria-label=\"\" href=\"https:\/\/sarthe.arcaam.fr\/wp-content\/uploads\/2026\/04\/Tableau-Challenge-Dames-2026-1.pdf\" rel=\"follow noopener\" target=\"_self\" role=\"button\"><div class=\"uagb-button__link\">T\u00e9l\u00e9chargement du document ci-dessous<\/div><span class=\"uagb-button__icon uagb-button__icon-position-after\"><svg xmlns=\"https:\/\/www.w3.org\/2000\/svg\" viewBox=\"0 0 512 512\" aria-hidden=\"true\" focussable=\"false\"><path d=\"M480 352h-133.5l-45.25 45.25C289.2 409.3 273.1 416 256 416s-33.16-6.656-45.25-18.75L165.5 352H32c-17.67 0-32 14.33-32 32v96c0 17.67 14.33 32 32 32h448c17.67 0 32-14.33 32-32v-96C512 366.3 497.7 352 480 352zM432 456c-13.2 0-24-10.8-24-24c0-13.2 10.8-24 24-24s24 10.8 24 24C456 445.2 445.2 456 432 456zM233.4 374.6C239.6 380.9 247.8 384 256 384s16.38-3.125 22.62-9.375l128-128c12.49-12.5 12.49-32.75 0-45.25c-12.5-12.5-32.76-12.5-45.25 0L288 274.8V32c0-17.67-14.33-32-32-32C238.3 0 224 14.33 224 32v242.8L150.6 201.4c-12.49-12.5-32.75-12.5-45.25 0c-12.49 12.5-12.49 32.75 0 45.25L233.4 374.6z\"><\/path><\/svg><\/span><\/a><\/div><\/div>\n<\/div><\/div>\n\n\n<a href=\"https:\/\/sarthe.arcaam.fr\/wp-content\/uploads\/2026\/04\/Tableau-Challenge-Dames-2026-1.pdf\" class=\"pdfemb-viewer\" style=\"\" data-width=\"max\" data-height=\"max\" data-toolbar=\"bottom\" data-toolbar-fixed=\"off\">Tableau-Challenge-Dames-2026-1<\/a><\/div>\n<\/div>\n<\/div><\/div>\n\n\n\n<div class=\"wp-block-uagb-container uagb-block-bb4d016a alignfull uagb-is-root-container\"><div class=\"uagb-container-inner-blocks-wrap\">\n<div class=\"wp-block-uagb-advanced-heading uagb-block-91f83e36\"><h2 class=\"uagb-heading-text\">Tableau Hommes<\/h2><\/div>\n\n\n\n<div class=\"wp-block-uagb-container uagb-block-8a7272f3\">\n<div class=\"wp-block-uagb-container uagb-block-9ca69429\">\n<div class=\"wp-block-uagb-buttons uagb-buttons__outer-wrap uagb-btn__default-btn uagb-btn-tablet__default-btn uagb-btn-mobile__default-btn uagb-block-3d6580fc\"><div class=\"uagb-buttons__wrap uagb-buttons-layout-wrap \">\n<div class=\"wp-block-uagb-buttons-child uagb-buttons__outer-wrap uagb-block-bc8aa49b wp-block-button\"><div class=\"uagb-button__wrapper\"><a class=\"uagb-buttons-repeater wp-block-button__link\" aria-label=\"\" href=\"https:\/\/sarthe.arcaam.fr\/wp-content\/uploads\/2026\/04\/Tableau-Challenge-Hommes-2026.pdf\" rel=\"follow noopener\" target=\"_self\" role=\"button\"><div class=\"uagb-button__link\">T\u00e9l\u00e9chargement du document ci-dessous<\/div><span class=\"uagb-button__icon uagb-button__icon-position-after\"><svg xmlns=\"https:\/\/www.w3.org\/2000\/svg\" viewBox=\"0 0 512 512\" aria-hidden=\"true\" focussable=\"false\"><path d=\"M480 352h-133.5l-45.25 45.25C289.2 409.3 273.1 416 256 416s-33.16-6.656-45.25-18.75L165.5 352H32c-17.67 0-32 14.33-32 32v96c0 17.67 14.33 32 32 32h448c17.67 0 32-14.33 32-32v-96C512 366.3 497.7 352 480 352zM432 456c-13.2 0-24-10.8-24-24c0-13.2 10.8-24 24-24s24 10.8 24 24C456 445.2 445.2 456 432 456zM233.4 374.6C239.6 380.9 247.8 384 256 384s16.38-3.125 22.62-9.375l128-128c12.49-12.5 12.49-32.75 0-45.25c-12.5-12.5-32.76-12.5-45.25 0L288 274.8V32c0-17.67-14.33-32-32-32C238.3 0 224 14.33 224 32v242.8L150.6 201.4c-12.49-12.5-32.75-12.5-45.25 0c-12.49 12.5-12.49 32.75 0 45.25L233.4 374.6z\"><\/path><\/svg><\/span><\/a><\/div><\/div>\n<\/div><\/div>\n\n\n<a href=\"https:\/\/sarthe.arcaam.fr\/wp-content\/uploads\/2026\/04\/Tableau-Challenge-Hommes-2026.pdf\" class=\"pdfemb-viewer\" style=\"\" data-width=\"max\" data-height=\"max\" data-toolbar=\"bottom\" data-toolbar-fixed=\"off\">Tableau-Challenge-Hommes-2026<\/a><\/div>\n<\/div>\n<\/div><\/div>\n\n\n\n<div class=\"wp-block-uagb-container uagb-block-089f08c9 alignfull uagb-is-root-container\"><div class=\"uagb-container-inner-blocks-wrap\">\n<div class=\"wp-block-uagb-container uagb-block-e512fd91\">\n<div class=\"wp-block-uagb-advanced-heading uagb-block-323339c7\"><h2 class=\"uagb-heading-text\">R\u00e8glement challenge 2026<\/h2><div class=\"uagb-separator\"><\/div><\/div>\n\n\n\n<p>Challenge de la Convivialit\u00e9 2026<\/p>\n\n\n\n<p>Les tableaux de rencontres Dames et Hommes ont \u00e9t\u00e9 pr\u00e9sent\u00e9s vendredi 30 janvier, le jour de la Galette.<br>Vous les trouverez en pi\u00e8ces jointes.<\/p>\n\n\n\n<p>&#8211; D\u00e9roulement des rencontres :<br>. Modification chez les dames : rencontres par \u00e9limination directe au lieu du championnat.<br>La meilleure \u00e9quipe perdante au 1er tour compl\u00e8tera le tableau pour le 1\/8 de finale.<br>. Chez les Hommes : rencontres par \u00e9limination directe.<br>La meilleure \u00e9quipe perdante du 1er tour compl\u00e9tera le tableau des 8\u00e8mes de finale.<br>. En cas de forfait d\u2019un joueur lors du Challenge Hommes, un rempla\u00e7ant inscrit en individuel compl\u00e9tera l\u2019\u00e9quipe.<br>Si manque de rempla\u00e7ant, les \u00e9limin\u00e9s du 1er tour pourront \u00e9galement int\u00e9grer une \u00e9quipe ayant un joueur forfait.<br>A charge pour cette \u00e9quipe de contacter les rempla\u00e7ants.<br>. Pour les 1\/8 de finale Hommes, l\u2019\u00e9quipe portant le plus petit num\u00e9ro est charg\u00e9e de l\u2019organisation de la rencontre.<br>. Pour les 1\/4 et les 1\/2, ce sera l\u2019\u00e9quipe qui aura le plus grand num\u00e9ro.<br>Tous les r\u00e9sultats des rencontres seront \u00e0 transmettre \u00e0 :<\/p>\n\n\n\n<p>Alain MOREAU : 0781204841 ou Pierre LHERMITTE : 0788431422<\/p>\n\n\n\n<p>Bons matchs \u00e0 toutes et \u00e0 tous.<\/p>\n\n\n\n<p>Pierre LHERMITTE et Alain MOREAU<\/p>\n<\/div>\n\n\n\n<div class=\"wp-block-uagb-separator uagb-block-f3241b1b\"><div class=\"wp-block-uagb-separator__inner\" style=\"--my-background-image:\"><\/div><\/div>\n\n\n\n<div class=\"wp-block-uagb-container uagb-block-213b42bb alignfull uagb-is-root-container\"><div class=\"uagb-container-inner-blocks-wrap\">\n<div class=\"wp-block-uagb-container uagb-block-80fefc41\">\n<div class=\"wp-block-uagb-advanced-heading uagb-block-16a3ab50\"><h2 class=\"uagb-heading-text\">Liste des engag\u00e9s femmes et hommes<\/h2><div class=\"uagb-separator\"><\/div><\/div>\n\n\n\n<p>Challenge de la Convivialit\u00e9 2026<\/p>\n\n\n\n<p>Coordonn\u00e9es des \u00c9quipes engag\u00e9es pour organisation des rencontres<\/p>\n\n\n\n<p>\u00c9quipes Dames :<\/p>\n\n\n\n<p>&#8211; CARTEREAU Lydie (06.26.96.55.11) \u2013 TARALON Josiane (06.08.57.01.96)<br>&#8211; BESNIER Anne (06.77.47.53.22) \u2013 WATEAU Annie (06.25.10.61.26)<br>&#8211; BAUDOIN Evelyne (07.60.77.06.84) \u2013 MERLAND Yvette (06.78.76.81.73)<br>&#8211; BAUDUIN Lucette (06.70.69.11.01) &#8211; HAMELIN Jacqueline (06.84.59.40.87)<br>&#8211; BOURE Martine (06.83.20.34.40) &#8211; CHAMPION Paulette (06.24.38.61.54)<br>&#8211; BLOT Cozette (07.69.28.16.52) &#8211; GOMEZ Janine (06.70.99.70.04)<br>&#8211; LEVEQUE Eliane (06.79.34.65.11) \u2013 MAILLARD Francine (06.70.34.94.71)<br>___________________________________________________________________<\/p>\n\n\n\n<p>\u00c9quipes Hommes :<\/p>\n\n\n\n<p>&#8211; CHAMPION Jacques (06.03.51.88.54) &#8211; PASQUIER Jean-Pierre (07.77.86.82.35)<br>&#8211; HATET Michel (06.32.08.55.90) &#8211; MOREAU Alain (07.81.20.48.41)<br>&#8211; BASLY Jean-Luc (06.19.71.03.59) &#8211; LE BORGNE Marcel (06.75.12.18.35)<br>&#8211; EVRARD Claude (06.40.93.26.50) &#8211; GUYARD Jean-Claude (06.79.87.38.74)<br>&#8211; CARTEREAU Guy (06.29.85.02.20) \u2013 BAUDOIN Gilles (06.41.54.32.38)<br>&#8211; BOURE Alain (06.71.76.47.23) &#8211; MAILLARD Michel (06.28.08.21.62)<br>&#8211; PANVERT Jean-Pierre (06.22.46.64.42) &#8211; RABETTE Henri (06.85.64.48.85)<br>&#8211; BRIER Patrice (06.18.94.90.55) &#8211; PAIREL G\u00e9rald (06.76.06.95.93)<br>&#8211; FROGER Dominique (06.61.84.44.67) &#8211; JARDIN Philippe (07.61.78.25.03)<br>&#8211; LHERMITTE Pierre (07.88.43.14.22) &#8211; WATEAU Jacques (06.04.17.31.87)<br>&#8211; JAMIN Jean-Christophe (06.84.32.63.58) \u2013 LOUVARD Michel (06.71.82.66.22)<br>&#8211; LEPINE Jo\u00ebl (06.47.04.68.24) \u2013 LEVEQUE Jacky (06.48.48.68.63)<br>&#8211; CABARET Roger (06.86.48.38.52) \u2013 CERISIER Claude (06.64.00.23.54)<br>&#8211; GUINOIS Jean (06.31.27.74.77) \u2013 DUMUR Fran\u00e7ois(06.83.92.68.13)<\/p>\n<\/div>\n<\/div><\/div>\n<\/div><\/div>\n<\/div><\/div>\n","protected":false},"excerpt":{"rendered":"<p>Challenge 2026 Tableau Dames Tableau Hommes R\u00e8glement challenge 2026 Challenge de la Convivialit\u00e9 2026 Les tableaux de rencontres Dames et [&hellip;]<\/p>\n","protected":false},"author":1,"featured_media":0,"parent":139,"menu_order":0,"comment_status":"closed","ping_status":"closed","template":"","meta":{"_uag_custom_page_level_css":"","site-sidebar-layout":"default","site-content-layout":"","ast-site-content-layout":"default","site-content-style":"default","site-sidebar-style":"default","ast-global-header-display":"","ast-banner-title-visibility":"","ast-main-header-display":"","ast-hfb-above-header-display":"","ast-hfb-below-header-display":"","ast-hfb-mobile-header-display":"","site-post-title":"disabled","ast-breadcrumbs-content":"","ast-featured-img":"","footer-sml-layout":"","ast-disable-related-posts":"","theme-transparent-header-meta":"","adv-header-id-meta":"","stick-header-meta":"","header-above-stick-meta":"","header-main-stick-meta":"","header-below-stick-meta":"","astra-migrate-meta-layouts":"default","ast-page-background-enabled":"default","ast-page-background-meta":{"desktop":{"background-color":"var(--ast-global-color-5)","background-image":"","background-repeat":"repeat","background-position":"center center","background-size":"auto","background-attachment":"scroll","background-type":"","background-media":"","overlay-type":"","overlay-color":"","overlay-opacity":"","overlay-gradient":""},"tablet":{"background-color":"","background-image":"","background-repeat":"repeat","background-position":"center center","background-size":"auto","background-attachment":"scroll","background-type":"","background-media":"","overlay-type":"","overlay-color":"","overlay-opacity":"","overlay-gradient":""},"mobile":{"background-color":"","background-image":"","background-repeat":"repeat","background-position":"center center","background-size":"auto","background-attachment":"scroll","background-type":"","background-media":"","overlay-type":"","overlay-color":"","overlay-opacity":"","overlay-gradient":""}},"ast-content-background-meta":{"desktop":{"background-color":"var(--ast-global-color-4)","background-image":"","background-repeat":"repeat","background-position":"center center","background-size":"auto","background-attachment":"scroll","background-type":"","background-media":"","overlay-type":"","overlay-color":"","overlay-opacity":"","overlay-gradient":""},"tablet":{"background-color":"var(--ast-global-color-4)","background-image":"","background-repeat":"repeat","background-position":"center center","background-size":"auto","background-attachment":"scroll","background-type":"","background-media":"","overlay-type":"","overlay-color":"","overlay-opacity":"","overlay-gradient":""},"mobile":{"background-color":"var(--ast-global-color-4)","background-image":"","background-repeat":"repeat","background-position":"center center","background-size":"auto","background-attachment":"scroll","background-type":"","background-media":"","overlay-type":"","overlay-color":"","overlay-opacity":"","overlay-gradient":""}},"footnotes":""},"class_list":["post-1407","page","type-page","status-publish","hentry"],"uagb_featured_image_src":{"full":false,"thumbnail":false,"medium":false,"medium_large":false,"large":false,"1536x1536":false,"2048x2048":false},"uagb_author_info":{"display_name":"admin5891","author_link":"https:\/\/sarthe.arcaam.fr\/index.php\/author\/admin5891\/"},"uagb_comment_info":0,"uagb_excerpt":"Challenge 2026 Tableau Dames Tableau Hommes R\u00e8glement challenge 2026 Challenge de la Convivialit\u00e9 2026 Les tableaux de rencontres Dames et [&hellip;]","_links":{"self":[{"href":"https:\/\/sarthe.arcaam.fr\/index.php\/wp-json\/wp\/v2\/pages\/1407","targetHints":{"allow":["GET"]}}],"collection":[{"href":"https:\/\/sarthe.arcaam.fr\/index.php\/wp-json\/wp\/v2\/pages"}],"about":[{"href":"https:\/\/sarthe.arcaam.fr\/index.php\/wp-json\/wp\/v2\/types\/page"}],"author":[{"embeddable":true,"href":"https:\/\/sarthe.arcaam.fr\/index.php\/wp-json\/wp\/v2\/users\/1"}],"replies":[{"embeddable":true,"href":"https:\/\/sarthe.arcaam.fr\/index.php\/wp-json\/wp\/v2\/comments?post=1407"}],"version-history":[{"count":8,"href":"https:\/\/sarthe.arcaam.fr\/index.php\/wp-json\/wp\/v2\/pages\/1407\/revisions"}],"predecessor-version":[{"id":2085,"href":"https:\/\/sarthe.arcaam.fr\/index.php\/wp-json\/wp\/v2\/pages\/1407\/revisions\/2085"}],"up":[{"embeddable":true,"href":"https:\/\/sarthe.arcaam.fr\/index.php\/wp-json\/wp\/v2\/pages\/139"}],"wp:attachment":[{"href":"https:\/\/sarthe.arcaam.fr\/index.php\/wp-json\/wp\/v2\/media?parent=1407"}],"curies":[{"name":"wp","href":"https:\/\/api.w.org\/{rel}","templated":true}]}}